)/(2/116). Let m = -18 - q. Calculate the remainder when m is divided by a.
3
Let n(y) = -9*y**3 + 2*y**2 - 1. Let l be n(1). Suppose 2*c - 102 = -22. Calculate the remainder when c is divided by 2/8 + (-110)/l.
12
Suppose 4*z - 2*f - 13 = 3*z, f = -z - 2. Suppose 16 = -o - 5*q, -z*q - 10 = -3*o + 32. What is the remainder when o is divided by 5?
4
Calculate the remainder when 23 is divided by (-6)/5*(10 + 5)/(-3).
5
What is the remainder when 11 is divided by 7 + 12/3 + -4?
4
Suppose -2*b = -51 - 337. What is the remainder when b is divided by 13?
12
Suppose -2*d + 23 = u, 0 = -5*d + 6*u - u + 20. What is the remainder when 35 is divided by d?
8
Let a(t) = t**3 + 5*t**2 - t - 3. Let d = 9 - 4. What is the remainder when (-5 - -6)/(1/d) is divided by a(-5)?
1
Let p = -53 + 16. Let q = -8 - p. What is the remainder when q is divided by 8?
5
Suppose 5*m = -4*i + i + 192, -128 = -2*i + m. Let g = -182 + 199. Calculate the remainder when i is divided by g.
13
Let l(h) = 3*h**2 + 9*h. Let p be l(-4). Let r = p + 8. Calculate the remainder when 77 is divided by r.
17
Calculate the remainder when 56 + (-3 - (1 + -2)) is divided by 28.
26
Let c = 54 + -24. What is the remainder when 2 + -4 + -2 + c is divided by 0 + 12 - (0 + -2)?
12
Let i be -4 + (-2 - -1) + -2. Let p = i - -17. Suppose -4*c + 11 = -5*n - 13, -2*c - 3*n + 12 = 0. What is the remainder when p is divided by c?
4
Let n(f) = -f + 3. Let v be n(-7). Let y be 4/v - 12/30. Suppose 0 = -4*j - 3*x + 5, y*x - 2*x = 5*j - 8. Calculate the remainder when 2 is divided by j.
0
What is the remainder when 59 is divided by -2 - 4/1 - -26?
19
Suppose 310 = 5*y - 4*m, -5*y = -2*m + 5*m - 345. Let r = y - 37. Calculate the remainder when r is divided by 10.
9
Let h(y) = -9*y - 11. Let j(v) = 4*v + 5. Let r(d) = -2*h(d) - 5*j(d). Let u be (5*-1)/(1 + 0). Calculate the remainder when 13 is divided by r(u).
6
Suppose 26 = -3*i - 3*v + 101, -81 = -3*i - 5*v. Let x = -3 + i. What is the remainder when 35 is divided by x?
16
Suppose -146 = 5*o - 541. Suppose 4*z - o + 15 = 0. What is the remainder when 47 is divided by z?
15
Suppose 1 = 3*n - 3*i + 7, 0 = -4*i - 4. Let s(d) = -16*d + 1. Suppose -5*m + 89 = 4*t, 3*t + 0 - 3 = 0. Calculate the remainder when s(n) is divided by m.
15
Suppose -6*z - 22 = -52. What is the remainder when 17 is divided by z?
2
Suppose 16 = 3*d + d. Suppose n - d*r = -2*r + 12, -r = -n + 8. Suppose n*v = 3*l - 84, 3*v + 28 = l - 5. What is the remainder when l is divided by 13?
11
Suppose 0 = 5*d - 315 - 130. Calculate the remainder when d is divided by 18.
17
What is the remainder when 6231/124 + 0 + 1/(-4) is divided by 30?
20
Suppose -3*o - 5*y + 30 = 0, 5*o - 3*y - 44 = 40. What is the remainder when 1 - (-29 + 1) - 1 is divided by o?
13
Let u(p) = -19*p - 2. Let g be u(2). Let i = g - -69. Let t = -12 + 22. What is the remainder when i is divided by t?
9
Let b be -9*1*14/(-6). Suppose 0 = s - n - 2*n - b, -3*s - 7 = 5*n. Calculate the remainder when s is divided by 4.
2
Let d = -57 + 86. Calculate the remainder when 86 is divided by d.
28
Let j = 5 - 3. Suppose j*i - 22 = -x - i, 5*i - 67 = -4*x. Calculate the remainder when 23 is divided by x.
10
Suppose -63 = 4*p - 7*p. Calculate the remainder when 40 is divided by p.
19
Suppose -1 = -v, -p - 4 = -10*v + 5*v. Suppose h = -0*h + 1. What is the remainder when p is divided by h?
0
What is the remainder when 57 is divided by (-1)/4 - (-5 + (-145)/20)?
9
Suppose 0 = -3*l - 2*h + 45 - 6, -3*h - 26 = -2*l. Suppose -3*o - 6 = -4*o. Let s = 11 - o. Calculate the remainder when l is divided by s.
3
Let x(i) = -9*i + 1. Suppose -4*d - 4 = -3*a - 15, 17 = -4*a + 3*d. What is the remainder when x(a) is divided by 12?
10
Let q = -1 - -8. Calculate the remainder when q is divided by 3.
1
Suppose 39 = -46*g + 49*g. What is the remainder when 205 is divided by g?
10
Suppose -g + 35 = 4*c, 4*c - g + 4*g - 33 = 0. Suppose 3*f - c = 0, f + 9 = -2*q + 6*f. Calculate the remainder when (1 - -8) + 2 + -3 is divided by q.
2
Let m(h) = h + 4. Let s be m(-3). Let j = s + -1. Suppose 16 = -j*g + 4*g. Calculate the remainder when g is divided by 3.
1
Let l(u) = -2*u + 2. Calculate the remainder when l(-17) is divided by 13.
10
Let r(f) = -306*f. Let k be r(1). Let t = -1 - -12. What is the remainder when k/(-15) - (-12)/20 is divided by t?
10
Let i(q) = q**3 + 6*q**2 - 7*q + 18. What is the remainder when i(-7) is divided by 10?
8
Suppose -35*u = -38*u + 237. What is the remainder when u is divided by 16?
15
Suppose 3*s + 3 = -5*l + 18, 0 = 3*s - 5*l + 15. Let b(c) = -c**3 - 5*c**2 + 7*c + 8. What is the remainder when b(-6) is divided by (-2)/4*(-2 - s)?
0
Let c(j) = 21*j**2 + 7*j + 4. Suppose -2 = w + 1, -3*x = -4*w - 69. Calculate the remainder when c(-2) is divided by x.
17
Let r(m) = m + 8. Let p be r(-4). Suppose 2*a = -0*a + p. Calculate the remainder when 5 is divided by a.
1
Let a(s) = 6*s - 4. Let l be a(8). Calculate the remainder when l - -2 - (-1 + 1) is divided by 36*(1/3 + 0).
10
Let v(u) = -113*u**2 + u + 9. Let g(c) = -56*c**2 + c + 4. Let t(i) = -5*g(i) + 2*v(i). Calculate the remainder when t(-1) is divided by 14.
13
Let l = 10 + 8. Let h(x) = -10*x**3 + x**2 + x. What is the remainder when l is divided by h(-1)?
8
Let m = -17 + 51. What is the remainder when m is divided by ((-1)/(-2))/((-4)/(-72))?
7
Let q(g) = 3*g. Let n be q(4). Suppose 8*w - n*w = -68. What is the remainder when w is divided by 9?
8
Suppose 0 = -6*q + 14*q - 216. Calculate the remainder when 74 is divided by q.
20
Suppose 4*w - 334 = 178. Calculate the remainder when w is divided by 43.
42
Let a(o) = o + 3. Let j be a(-3). Suppose j*g + 24 = 3*g. Suppose -f - 67 = -3*x - 17, 5*x + 5*f = 50. What is the remainder when x is divided by g?
7
Let i = -35 - -60. What is the remainder when i is divided by 14?
11
Suppose 4*x + 4*f = 24, 0*f + 4*f + 32 = 4*x. Calculate the remainder when 19 is divided by x.
5
Suppose 2*f - 1595 = -3*f. Suppose 4*z - f + 83 = 0. What is the remainder when z is divided by 15?
14
Let o = 26 + -13. What is the remainder when 24 is divided by o?
11
Let m = 25 - 17. What is the remainder when 11 is divided by m?
3
Let l be -2 + (-15)/(2/(-2)). Let c(k) = -k**3 + 5*k**2 - 6*k + 5. Let q be c(4). Let i = l + q. Calculate the remainder when i is divided by 4.
2
Suppose -2*d + 82 = -4*m, -2*d = 7*m - 5*m - 106. Suppose 39 = 5*l - 46. What is the remainder when d is divided by l?
15
Let w be 12/18 - (-7)/3. Suppose 60 = -4*x - 2*f, w*x + 72 = -2*x - f. Calculate the remainder when 20 is divided by (x/(-6))/((-2)/(-6)).
6
Suppose -z = 1 - 3. What is the remainder when (14/(-28))/((-2)/96) is divided by (-18)/15*(-15)/z?
6
Let j(t) = 9*t**3 + 2*t - 2. Let w be j(2). Let y = w - 41. Calculate the remainder when y is divided by 9.
6
Suppose 2*h - 7*h - 2 = -4*n, 2*h - 19 = -5*n. Let c = 5 - n. Suppose -2 = y, c*y - 14 - 18 = -3*j. What is the remainder when 34 is divided by j?
10
Let g(z) = 12*z + 78. Calculate the remainder when 23 is divided by g(-6).
5
Let t = 150 + -77. Calculate the remainder when t is divided by 27.
19
Suppose 5*r + 5*u + 221 + 134 = 0, 3*u + 12 = 0. Let y = 118 + r. What is the remainder when y is divided by 26?
25
Let x = 130 - -75. Calculate the remainder when x is divided by 52.
49
Let g = 43 + -9. What is the remainder when g is divided by 7?
6
Let c = 5 - 5. Suppose -3*s = -c*s. Suppose 0*j - j + 19 = s. Calculate the remainder when j is divided by 10.
9
Suppose -40 = 2*r + 2*r. Let u = 15 + r. Calculate the remainder when 19 is divided by u.
4
Suppose 0 = 5*j - 4*j - 32. What is the remainder when j is divided by 17?
15
Suppose 0 = -3*r + 2 + 7. Calculate the remainder when 1 + 32 + (r - 2) is divided by 12.
10
Let n = 5 - 2. Suppose -n*d + 6 = -0*h + 3*h, -3*h + 3*d = -18. Suppose -2*q - 4*r = -8, -44 = -4*q + h*r - 4. What is the remainder when 14 is divided by q?
6
Suppose 5*i + 5 = 5*k, -4*i = k - 6 - 0. What is the remainder when 21 is divided by (k - 3)*(-14 - -2)?
9
Suppose 5*c - 73 = -18. Calculate the remainder when 30 is divided by c.
8
Let r(f) = 3*f**3 - 4*f**2 + 6*f**3 + 4*f - 3*f**3 - 5*f**3 + 6. Calculate the remainder when r(5) is divided by 13.
12
Let z(b) = b**3 - b**2 - b + 7. Suppose 0 = -8*f + 3*f. 